d**2 + 14*d. List the prime factors of t(24).
2, 7, 23
Let a = -30 - -32. Suppose 3*f = -a*f + h - 90, -3*f = -h + 56. Let o = 21 + f. What are the prime factors of o?
2
Let y be 2/((15/170)/((-6)/8)). Let j = 22 + y. Suppose 3*q - 111 = -3*i, -j*i + 40 - 7 = q. What are the prime factors of q?
2, 19
Let d(b) = -7*b**2 - 7*b + 3. Let r be d(-4). Let n = 271 + r. List the prime factors of n.
2, 5, 19
Let c(x) = 4*x**2 - 5*x + 7. Let v be c(5). Let h = v + -41. Suppose -2*j + h = -405. List the prime factors of j.
223
Suppose 15*z + 151660 - 610165 = 0. List the prime factors of z.
3, 23, 443
Let x = -156 - 17. Let i = x + 648. List the prime factors of i.
5, 19
Suppose 17*q + 59*q - 305275 = 234097. What are the prime factors of q?
47, 151
Let r(l) = 3*l**3 - 35*l**2 + 194*l - 20. List the prime factors of r(15).
2, 5, 257
Suppose 3*x + 4*j = 144555, -4*x + 19950 + 172856 = -2*j. What are the prime factors of x?
48197
Let y be (-12)/(-10)*10/3. Suppose 5*q = -9 - 6, 3*q = y*r + 3. Let i(h) = -5*h**3 - h**2 - 7. What are the prime factors of i(r)?
7, 17
Let c be (70 + -72)/(-1 + 177/178). Let j = -238 + c. What are the prime factors of j?
2, 59
Let h(c) = -5*c**2 + 3*c + 31. Let v be h(-12). Let y = v - -1296. What are the prime factors of y?
571
Let t be (2/6)/((-15)/(-1530)). Suppose -16*d - t + 1698 = 0. List the prime factors of d.
2, 13
List the prime factors of -1131*(4 + 325/(-39)).
13, 29
Let m be ((-10)/(-4))/(10/(-40)). What are the prime factors of m/15 + 1113/9?
3, 41
Let u(w) = 309*w + 74. What are the prime factors of u(12)?
2, 31, 61
Suppose -5*d = -9*d + 12. Suppose 3*t = -2*l - l + 3, 3*l = -2*t + d. List the prime factors of 11 + -8 + -25*(-1 + t).
2, 7
Let v(i) = -i**2 - 7*i - 6. Let n be v(-4). Suppose 0 = -q + n - 29. Let y = q + 141. List the prime factors of y.
2, 59
Suppose 5*q + 8*w - 20 = 3*w, -4*w = -q - 16. Suppose q = 62*s - 65*s. Suppose r - 63 + 1 = s. List the prime factors of r.
2, 31
Let n(h) = h**3 + 17*h**2 + 22*h + 28. Let z be n(-16). Let j = z - -68. Suppose j = -6*c + 189 + 831. What are the prime factors of c?
2, 5, 17
Suppose 3*v = 7*v - 8, 3*q + 4*v - 3761 = 0. List the prime factors of q.
3, 139
Let p(q) be the second derivative of q**4/12 - 7*q**3/2 - 27*q**2 + 204*q. Let u = 63 - 39. List the prime factors of p(u).
2, 3
Let c(a) = 38*a**3 - a**2 + 88*a + 59. What are the prime factors of c(7)?
2, 5, 683
Suppose -110 = 3*d - 92. Let q be 3 + ((-4)/d)/((-2)/(-18)). Suppose -q*y = -y - 1304. What are the prime factors of y?
163
Let s(u) = -659*u - 647. What are the prime factors of s(-10)?
3, 7, 283
Suppose 4*g = -g + 310. Suppose -2*s + 5*v + g = 0, -5*v + 118 = 2*s + s. Suppose 3*k = -2*r + 7*k + s, 4*k - 62 = -5*r. List the prime factors of r.
2, 7
Suppose 2*g + 0 = 4. Let c(q) = 233*q**2 - 225*q**g + 2 + 3 + 6*q. List the prime factors of c(-4).
109
What are the prime factors of (234/(-4))/((-213)/25276)?
2, 3, 13, 89
Let c(r) = -9*r - 19. Let m be c(-3). Suppose -m = z - 7. Let o = 8 + z. List the prime factors of o.
7
Let q(o) = -75*o - 1718. What are the prime factors of q(-49)?
19, 103
List the prime factors of -1 - -5278 - (-70 + 85).
2, 3, 877
Let l(m) = -69*m - 299. List the prime factors of l(-84).
23, 239
Suppose 0 = 1028*q - 1070*q + 398118. List the prime factors of q.
9479
Let a(q) = 2*q**3 - 29*q**2 - 9*q - 137. Let y(i) = -i**3 + 15*i**2 + 4*i + 69. Let h(w) = 2*a(w) + 5*y(w). What are the prime factors of h(9)?
11, 67
Let o = 268 - 102. Let w = 391 - o. What are the prime factors of w?
3, 5
Suppose -5367 + 779 = -37*h. Let t = 1654 + h. List the prime factors of t.
2, 7, 127
Let n be (1/(-6) - 4063/(-6))/1. Let p = n + -368. List the prime factors of p.
3, 103
Let y = 19218 - 120. What are the prime factors of y?
2, 3, 1061
Let c(q) = 27*q + 76. Let s be c(-17). Let o = -152 - s. List the prime factors of o.
3, 7, 11
Suppose 4*z - 18572 = -f - f, -5*z + 18572 = 2*f. What are the prime factors of f?
2, 4643
Let q = 39052 - 10780. List the prime factors of q.
2, 3, 19, 31
Let g be (-1 - -21) + 4 + -2. Suppose 4 - g = -6*l. Suppose 2*r = -3*p + 99, -p = 2*p - l. List the prime factors of r.
2, 3
Suppose 5*v + 95 = -f, 3*f = 2*v + v + 75. Let c be ((-30)/(-8))/(-5) + (-11395)/v. Suppose 6*d - 463 = c. What are the prime factors of d?
2, 43
Let y(q) = q**3 - 3*q**2 + 6*q - 2. Suppose 0 = -p, -2*p = -2*i + 2*p + 10. Let d be y(i). Let r = -57 + d. List the prime factors of r.
3, 7
Let y = 36314 + -25268. List the prime factors of y.
2, 3, 7, 263
Let c(g) be the first derivative of 31*g**3 - 3*g**2/2 - 2*g - 31. What are the prime factors of c(-1)?
2, 47
Suppose -5*p = -x + 16, 11*p + 92 = 2*x + 13*p. Suppose -x*b = -31*b - 7510. List the prime factors of b.
751
Let i(g) = -13*g**3 - 3*g**2 + 4*g - 1. Let u be i(-4). Suppose 3*m + y = -0*m + u, -3*m + y + 757 = 0. What are the prime factors of m?
2, 127
Suppose 190*r - 1061460 - 555107 = -266617. What are the prime factors of r?
5, 7, 29
Suppose 3*k - 10 = 8*k, -4*v + 3*k + 3966 = 0. Let i = v - 685. What are the prime factors of i?
5, 61
Suppose 4*k + 4*p = 203808, -2*p + 5 = 13. List the prime factors of k.
2, 12739
Let l be (-1 - -1)/(-2*(-10)/10). Suppose -4*b = -5*k + 503, -3*k + l*b + 303 = -2*b. What are the prime factors of k?
103
Let f(s) = -17*s + 56. Let r(g) = 3*g - 11. Let q(n) = 2*f(n) + 11*r(n). Let p be q(-11). Suppose 5*x + p - 702 = 0. List the prime factors of x.
2, 5, 7
Let d = 11 + 8. Suppose d - 4 = 5*v. Suppose 3*y - 45 = -3*n, n + y + v*y = 18. List the prime factors of n.
2, 7
Let b = -476 + 897. Suppose -b = -5*r - 71. List the prime factors of r.
2, 5, 7
What are the prime factors of (8829/12)/((-16)/(-28) + (-123)/252)?
3, 109
Suppose 2*y - 57300 - 16830 = w, 0 = 6*w - 48. What are the prime factors of y?
19, 1951
Let n(h) = -49*h - 34. Let g be n(10). Let q = -245 - g. List the prime factors of q.
3, 31
Let k = 5757 - 2277. What are the prime factors of k?
2, 3, 5, 29
Suppose -3*o - 4*d - 2 = -747, -4*o + 991 = 3*d. Suppose -3*n + 5*t = -254, -4*n - 2*t = -n - o. Suppose 0 = -j + n + 55. What are the prime factors of j?
2, 3, 23
Suppose -1100530 = -31*k + 277885. What are the prime factors of k?
5, 8893
Suppose 9170 = -802*q + 797*q. Let y = q + 2888. List the prime factors of y.
2, 17, 31
Let s be 6/9 + 40774/111. Let y = 652 + s. What are the prime factors of y?
2, 3, 5, 17
Let n(f) = -6*f**3 + 4*f**2 + 9*f + 13. Let q be n(-2). Let l = 138 + q. List the prime factors of l.
197
Let d = 4608 + -6820. Let h = -846 - d. What are the prime factors of h?
2, 683
Let d be (2/(-7))/(72/(-252)). What are the prime factors of (d - (-4)/(-1)) + 207?
2, 3, 17
Suppose -3*g - 86 = 10. Let m = g + 37. List the prime factors of m*(378/(-15))/(-3).
2, 3, 7
Suppose 3*t - i = 11, -2*i + 3*i - 1 = 0. Suppose -3*x - 3*b + 20 = b, -t*x = -5*b + 25. Suppose x = -4*n + 294 + 210. List the prime factors of n.
2, 3, 7
Let w(h) = -6226*h**3 - 9*h**2 - 11*h - 1. List the prime factors of w(-1).
13, 479
Let y = -1709 - -531. List the prime factors of y/(-4)*(22 + -20).
19, 31
Suppose 3*a + 1447 = 2*c + 3*c, 2*c - 481 = a. Let k = a + 1659. Suppose -10*m + 4*m = -k. List the prime factors of m.
3, 5, 13
Suppose 54*s - 56*s = 2*j - 3262, -3 = -j. List the prime factors of s.
2, 11, 37
Let q be (-9461)/(-5) - 10/50. Suppose q = -84*v + 88*v. List the prime factors of v.
11, 43
Let i(v) = v**2 + 4*v - 39. Suppose -2*q = -21 + 139. Let x = q - -74. List the prime factors of i(x).
2, 3, 41
Let x(s) = s**3 - 35*s**2 - 124*s - 1. List the prime factors of x(45).
14669
Let l = 13 - 10. Suppose 0 = l*a - a. What are the prime factors of 2*(37/2 + a)?
37
Let w(c) = -19*c - 22. Let i(h) = 29*h + 33. Let o(p) = -5*i(p) - 8*w(p). Let j be o(8). Suppose 6*q - j - 191 = 0. List the prime factors of q.
43
Let h(a) = -40*a**2 + 17. Let n be h(-4). Let i = n - -972. What are the prime factors of i?
349
Suppose -4*f = 5*q - 9*q + 912, -4*q + 446 = -2*f. Let o = f + 1238. List the prime factors of o.
3, 5, 67
Suppose -40*m + 4*v + 7196 = -39*m, 0 = m + 2*v - 7214. What are the prime factors of m?
2, 17, 53
Suppose 4*i + 5*y = 24308, -8*y + 14644 - 2468 = 2*i. What are the prime factors of i?
2, 3, 11, 23
Suppose -8009 = -2*v + 2*i + 93, -2*v = -5*i - 8087